 - u - 5*q, 5*q = y*u - 77. What is the units digit of u?
4
Let x be 4*1/(1/7). Suppose -v = 3*i - 6*i - 12, -5*i - 6 = 3*v. Suppose 5*o - v*f + 5 - 73 = 0, o = -3*f + x. What is the tens digit of o?
1
What is the tens digit of (3*101)/((-255)/(-1445))?
1
Let o(d) = -8*d**2 - 183*d + 1. What is the hundreds digit of o(-20)?
4
Let o(b) = -66*b**3 - 3*b**2 - 8*b + 9. What is the tens digit of o(-3)?
8
What is the units digit of (-3)/(-2)*((434 - -5) + -1)?
7
What is the tens digit of (-11)/((-66)/(-36)) + 251?
4
Suppose -3*a - 5*s - 412 = 0, s = 4*a + 6*s + 556. Let v = -103 - a. What is the units digit of v?
1
Let v = -3190 - -5325. What is the units digit of v?
5
Let c(b) = b**2 + 3*b. Let p be c(-4). What is the tens digit of ((-87)/15)/(p/(-20))?
2
Suppose -k - j = -4*k + 22, -5*k + 5*j = -50. Suppose s - 17 = k. What is the units digit of s?
3
Let z = -10 - -12. Let s be (-5040)/147 + z/7. Let v = -31 - s. What is the units digit of v?
3
What is the tens digit of (-12)/(-54) - 2735/(-45)?
6
Suppose 0 = -g + 25 - 65. What is the units digit of g/(-50) - 206/(-5)?
2
Let q = 8774 + -5974. What is the thousands digit of q?
2
Let o(r) = -r**3 + 5*r**2 + r - 2. Let h be o(5). Suppose -i = -h*i. Suppose l = -2*x + 51, 0 = -l - i*x + 4*x + 69. What is the units digit of l?
7
Let u(l) = -142*l**3 + 8*l**2 + 7*l - 10. What is the tens digit of u(-2)?
4
What is the hundreds digit of (-40785)/(-12) + ((-84)/(-16))/(-7)?
3
Suppose 5*j + 985 = 2*s, -2*s + 4*j = 121 - 1101. Suppose 4*i - h - 456 = 0, 4*i - s = -0*h - 5*h. What is the tens digit of i?
1
Let s = 876 - -98. What is the units digit of s?
4
Let t(d) = 282*d**3 - d**2 - 2*d. What is the tens digit of t(1)?
7
Let g be 10/5 - (-3 - -1). Suppose 0 = -9*n + g*n + 25. Suppose -u + 30 = -5*r, -5*u - n*r - 125 = -365. What is the units digit of u?
5
Suppose 3*g + 670 = 5*g - n, 0 = n + 4. What is the tens digit of g?
3
Let t = 642 - 295. What is the units digit of t?
7
Let z(k) = -2*k - 5. Let s be z(-5). Let q = 1 + s. What is the units digit of q?
6
Let q be 4/6 + 200/(-12). Let j = 37 + q. What is the tens digit of j?
2
Let h(r) = r**2 - 7*r + 6. Let w be h(6). Suppose -o + 2 = w, 4*f + 4*o - 110 = o. Let z = f - 8. What is the tens digit of z?
1
Let x(q) = -10*q + 16. Let t(o) = -221*o + 351. Let i(d) = -3*t(d) + 65*x(d). What is the tens digit of i(7)?
7
Let y = 57 + -50. Suppose 0 = -0*o + o - y. What is the units digit of o?
7
Suppose -w = -5*o + 39, -5*o + 79 = -5*w - 9*o. Let z = -16 - w. Suppose q - z*q + 100 = 4*y, 5*y = -q + 125. What is the tens digit of y?
2
Let o = 11 + -35. Let c = o + 36. What is the tens digit of c?
1
Let y(i) = 4*i. Let g(w) = 1. Let m(o) = -4*g(o) - y(o). Let r be m(-8). Suppose h - r = -3*h. What is the units digit of h?
7
Let r(t) = 48*t**2 + 2*t + 1. Let x be 2/(-2 - -4)*-1. What is the units digit of r(x)?
7
Let i(r) = -906*r**3 + r**2 - 2*r - 2. Let b be i(-1). Suppose -2*x - x = -3*n + 903, 3*n - 5*x - b = 0. What is the hundreds digit of n?
2
Let v = 541 + -205. What is the tens digit of v?
3
Let x = 2399 - 866. What is the units digit of x?
3
Let d(y) = 400*y + 20. What is the hundreds digit of d(4)?
6
Let u = -458 + 3915. What is the thousands digit of u?
3
Let w be (-14)/(-21) - 2/3. Suppose 4*z + z - 370 = w. What is the tens digit of z?
7
Suppose 4*s = -7 - 13. Let z be (-3)/s + 585/25. Suppose 2*v = z + 10. What is the tens digit of v?
1
Suppose -2*z - 240 = -606. What is the units digit of z?
3
Let m = 6 + -6. Suppose m = 3*t - 2*u - 19 - 1, 0 = 5*t + 2*u - 28. What is the units digit of t?
6
Let n(g) = -6*g - 7 + 5 + 6 + 5. What is the units digit of n(-9)?
3
Let c(v) = -v**3 + 4*v**2 + 3*v + 8. Let a be c(4). What is the units digit of (4 - 1) + a + 0?
3
Suppose 1424*a + 40992 = 1438*a. What is the tens digit of a?
2
Suppose 0 = -w - 1 + 3. Suppose -2*z + 14 + 0 = 5*g, -4*z + 28 = -w*g. Suppose d - 7 = z. What is the units digit of d?
4
Suppose -2*o + 37 = -21. Let q = -26 + o. What is the tens digit of (q - -2) + -3 + 19?
2
Let g(n) be the first derivative of 22*n**3/3 + n**2/2 + 3*n - 30. What is the units digit of g(2)?
3
Suppose y + 0*l = -5*l - 3, -4*l + 4 = 4*y. What is the tens digit of (80/28)/(y/14)?
2
Suppose -c - c - 3*x - 9 = 0, 5*c + 5*x + 10 = 0. Let v be (10/4)/(c/24). Suppose 3*g = 5*g - v. What is the units digit of g?
0
What is the tens digit of (-17)/(3 + (-48)/15 + 0)?
8
Suppose -4*w + 16 = -2*w. Let a = 15 - w. Suppose -3*k - 120 = -a*k. What is the units digit of k?
0
Suppose 0 = -16*c + 14*c - 2, c = -l + 1332. What is the thousands digit of l?
1
Suppose 3*f - 29 = -2*h + 2368, 5*f = -5*h + 5980. What is the units digit of h?
1
Suppose 8*x = 4*x + 20. Let l be 1/((x - 3)/8). What is the units digit of (-1 - -5)/l + 15?
6
Let c = -2076 - -4122. What is the thousands digit of c?
2
Suppose -91*i = -101*i + 17430. What is the thousands digit of i?
1
Suppose -f = q - 80, 0 = 4*f - q - 0*q - 315. What is the tens digit of (f - 2) + (-6 - -3)?
7
Suppose 0 = o + 4, -5*q + 4*o = -2*q - 16. Suppose q = -4*j + j + 15. Suppose 30 = n + j*w, -2*n + 4*w = -0*n - 32. What is the units digit of n?
0
Let i(f) = -72*f + 322. What is the tens digit of i(-34)?
7
Suppose f - 4*z - 4 = 8, 2*f + 2*z - 4 = 0. Suppose -3*h + 3 = 0, 6*c + f*h - 199 = c. What is the units digit of c?
9
Suppose 3*w + 84006 = 29*w. What is the tens digit of w?
3
Let q be (3 + -2)/((-4)/28). What is the units digit of (12/14)/(-1)*q?
6
Let z = 14 - -5. Let u = 64 - z. What is the units digit of u?
5
Let z(s) = 395*s**2 - 4*s - 5. What is the hundreds digit of z(-2)?
5
Suppose 5*w + 0*w + a = 5, -5*w + 5 = -a. Let n(p) = 71*p - 1. Let q be n(w). Suppose -6*d + q = -d. What is the tens digit of d?
1
Let n be (-5)/(-40) - (-2017)/(-8). Let z = 479 + n. What is the hundreds digit of z?
2
Suppose -4*l - 6*i = -2*i - 8, -32 = -2*l + 5*i. Let n = -139 + 139. Suppose n*g + d + 59 = g, l = 3*d. What is the units digit of g?
1
What is the units digit of ((10634/4)/13)/((-1)/(-2))?
9
Let k(i) = 20*i**2 - 35*i - 14. What is the tens digit of k(14)?
1
Suppose 0 = 3*s + 5*a - 34 + 10, 0 = -3*s + 2*a + 3. Suppose -3*l - s*g = 30, 58 = -4*l - 0*g + 2*g. Let p = l + 16. What is the units digit of p?
3
What is the tens digit of (1057/35)/(24/5160)?
9
What is the tens digit of (-1)/(-13) - (-89364)/143?
2
Let w(n) be the first derivative of n**2/2 + 13*n + 4. Let z be w(12). Let c = -5 + z. What is the units digit of c?
0
Let i be -1 + 4 - (6 + -4). Let l be 2 + ((-4)/(-2) - i). Suppose -l*f + 100 = f. What is the units digit of f?
5
Suppose 0 = -5*c + c + 960. Suppose c = -5*w + 680. What is the units digit of w?
8
Let p(r) = -2*r - 12. Let d be p(-6). Suppose 3*j - 177 = -d. What is the units digit of j?
9
Let j be -1*(1 + -2 - 1). Let y = -13 - -20. What is the tens digit of y + 16 + 1*j?
2
Let z be (-1434)/(-30) + (-1)/(-5). What is the units digit of z/2*(-9)/(-4)?
4
What is the units digit of (-12719)/(-21) + 8/(-12)?
5
Suppose 13420 = 6*p - 14876. What is the hundreds digit of p?
7
Let y = -12 - -15. What is the tens digit of ((-606)/9 - 6)*y/(-2)?
1
Suppose -10*f = 2*f + 36. What is the units digit of (-3 - 1/(f/68))*12?
6
Let t(h) = -67*h + 68. What is the thousands digit of t(-18)?
1
Suppose -3*g = -4*t + 10434, -166*g + 162*g = 5*t - 13058. What is the thousands digit of t?
2
Let j(r) = -r**2 - 15*r - 16. Let k be j(-14). Let s be k/((3 - -1)/(-24)). Let q = -2 + s. What is the units digit of q?
0
Let v(z) = -56*z - 167. What is the units digit of v(-49)?
7
Let c = 87 - -220. Suppose c = 14*g + 13. What is the units digit of g?
1
Let i(v) be the first derivative of v**3/3 + v**2 + v + 2. Let f be i(9). Suppose 3*o + 2*o = f. What is the tens digit of o?
2
Let z(t) = 0*t + 3*t + 15 + 2*t + t. What is the tens digit of z(5)?
4
Suppose 7 = -4*m - 49. What is the tens digit of 6416/112 - (-4)/m?
5
Suppose 3*i + 3*j = 186, 5*i = 2*j + 3*j + 260. Let x = 110 - i. What is the tens digit of x?
5
Suppose -2 = -m + 8. Let s be 35/14*(-8)/m. Let x = 0 - s. What is the units digit of x?
2
Suppose 0 = -n - 2*n + 15. Suppose 0 = -5*s - 39 + 59. Suppose -n*a + 22 = 3*t + 4, 0 = -5*t - s*a + 30. What is the units digit of t?
6
Suppose 0 = 2*i - 5*j - 87, -4*i + 3*i + j + 39 = 0. Let a be (-9